ird derivative of -s**4/24 + s**2. Calculate i(a).
0
Let m(t) be the second derivative of t**3/6 - 23*t**2 - 5*t - 145. Give m(7).
-39
Let o(j) be the first derivative of 2*j**3/3 + 23*j**2/2 - 31*j + 943. Calculate o(-13).
8
Let h(u) = -u**3 - 3*u**2 + 3*u + 3. Suppose 0 = -6*p + p - 30. Let r be 16/p*(-9)/(-4). Let a be r/4*(4 - (-3 + 5)). Determine h(a).
-6
Suppose 3*b - 1 = 5. Let c(v) = v**2 + v - 2. Let g(x) = -3*x**2 - 4*x + 8. Let t(h) = 4*c(h) + g(h). What is t(b)?
4
Let h(r) = 36*r. Let s(d) = -35*d - 1. Let w(n) = h(n) + s(n). Let m = -11 + 8. Determine w(m).
-4
Let v = -538 + 772. Suppose -v*n - 10 = -232*n. Let x(q) = -q**3 - 6*q**2 - 7*q - 6. What is x(n)?
4
Let y(g) = -33 + 44*g - 3*g**2 + 42*g - 97*g + 2*g**2. Calculate y(-6).
-3
Suppose 4*q = -1 + 21. Suppose 7*j = q*j. Let o(l) = 5*l + j*l - 8*l - l**2 + l**3 + 3. Calculate o(3).
12
Let k(j) = 3 + 87*j + 36*j - 127*j. Give k(5).
-17
Let x(f) = -6*f - 3. Let j be x(-2). Suppose 4*a - 5*m - 90 = -a, 4*m = -3*a + 26. Let q(p) = -a*p - 4*p + 17*p + 3. What is q(j)?
-6
Let m be (-32 + -1688)/(-1 - 1). Let x = m + -860. Let h(s) = -s + 41. Determine h(x).
41
Let g(s) be the third derivative of 31*s**5/60 + s**4/12 + s**3/2 + s**2 + 2. Let t(c) = -26*c**2 - c - 2. Let u(x) = 5*g(x) + 6*t(x). Give u(3).
6
Let a be 0*7/35 + (4 - 0). Let c(g) = -19*g + 80. What is c(a)?
4
Let h(c) = -c**3 - 4*c**2 + 3 + 0*c**3 + 0 - c - 2. Let s(b) = b**3 - 12*b**2 + 4*b + 16. Let r be s(10). Let t = -148 - r. Calculate h(t).
5
Let r(w) = w. Suppose -4 = 8*n - 6*n, n = 3*o + 28. Suppose 3*q = 4*v + 11, 25 = v + 4*v + 4*q. Let m = o + v. Determine r(m).
-9
Suppose 5*j - 354 = -2*v - v, 4*j - 4*v = 264. Suppose 4*r = 7*r - j. Let s(l) = l + 49 - r - 24. Give s(-4).
-2
Let y(h) = 2*h**2 - 2*h - 1. Let z be y(3). Let o = 2515 + -2535. Let p = z + o. Let g(a) = -a - 11. Calculate g(p).
-2
Let a(b) = -b**2 + 8*b - 5. Suppose -5*r = -4*v + 1, 5*v + 0 - 14 = 2*r. Suppose v = -7*q + 8*q. Let s(o) = 3*o - 6. Let f be s(q). What is a(f)?
7
Suppose 17*z = 11*z - 6. Let u be (z*3 - 75/(-20))*4. Let p(m) = -2*m**3 - 1 + 27*m**u - 2*m - 2*m**2 - 17*m**3. Calculate p(-1).
-9
Let i(w) = 22 + w**3 + 7*w**2 + 9*w - 19 + 9. Let z be i(-6). Let s(l) = -l**3 - 4*l**2 + 9*l + 6. Give s(z).
24
Let f(t) = 11*t**3 + 12*t + 15 - 42*t**3 + 11*t**2 + 11*t**3 + 21*t**3. Let r be 0 + 3/(-1) + -7. Give f(r).
-5
Let q(g) = 13*g**3 + 10*g**2 - 13*g - 5. Let z(u) = 3*u**3 - u + 1. Let a(j) = -q(j) + 4*z(j). Give a(-10).
-81
Let q(b) = 19*b + 157. Let k be q(-8). Let t(d) = -10*d**2 - 4*d + 7. Let h(g) = -17*g**2 - 8*g + 14. Let z(i) = k*t(i) - 3*h(i). Determine z(-5).
-2
Let l = -4 - 0. Let g(s) be the second derivative of -s**5/60 - s**4/4 + 114*s**2 - 213*s. Let f(r) be the first derivative of g(r). Give f(l).
8
Let a = 5310 - 5306. Let f(t) = -7*t - 3. What is f(a)?
-31
Let k(z) be the third derivative of z**7/840 - z**6/72 + z**5/60 + z**4/12 - 107*z**3/6 - z**2 - 31. Let v(s) be the first derivative of k(s). Determine v(3).
-10
Let b(r) = -r**2 - 7*r + 11. Let c(w) = 127*w + 104. Let x be c(4). Let h = x - 620. Give b(h).
3
Let z(o) = o**3 - 7*o**2 + 7*o - 7. Suppose 4*u + 3*r - 17 = 2*r, 26 = 4*u - 2*r. Let f be ((-9)/u)/((-90)/300). Calculate z(f).
-1
Let o(q) = -2*q**3 + 28*q**2 + 31*q - 11. Suppose -45*a - 22*a + 600 = -27*a. Determine o(a).
4
Let d(m) = m**3 - m**2 - m - 1. Suppose 2*c + 2 = 3*u + 14, -3*c - 3*u + 48 = 0. Suppose -5*a + a = -c. Let j = -3 + a. What is d(j)?
-1
Suppose -6*b + 19 + 11 = 0. Let t(j) = -2*j**3 + 6*j**2 + 2*j - 6. Let k(w) = -2*w**3 + 7*w**2 + 3*w - 7. Let f(i) = b*k(i) - 6*t(i). Calculate f(-2).
-25
Let l be (-388)/1358 - 16/(-7). Let u(f) be the first derivative of 4*f**l + 2*f + 1/3*f**3 - 26. Calculate u(-4).
-14
Let i(g) = g + 4. Let u(k) = 44*k + 136. Let c(r) = 4*i(r) + u(r). Let o be c(-3). Let w(q) = -q**3 + 8*q**2 + q + 1. Determine w(o).
9
Let a = 641 + -304. Let z = a + -326. Let q(x) = x - 11. Give q(z).
0
Let s(i) = -11*i**2 + 3*i + 6. Let h(y) = -4*y + 0 + 5*y + 9*y**2 - 5*y - 5. Let a(r) = -5*h(r) - 4*s(r). Give a(7).
8
Let g(t) = t + 18. Let z(p) = 4*p**2 + 6*p + 6. Let n be z(-1). Suppose 0 = 4*a - n + 36. Calculate g(a).
10
Let c(s) = -22*s**2 + 0*s + 13357*s**3 - 6*s - 7*s + 5*s**2 + 10 - 13355*s**3. Determine c(9).
-26
Let c(z) = -2*z**2 + 41*z - 14. Suppose 10 = -f - 19 + 50. What is c(f)?
-35
Let v(n) = -12*n - 13 - 34*n - 4 - 12 + 65*n. Let m(j) = 12*j - 19. Let h(d) = -8*m(d) + 5*v(d). Suppose 5*y = 32 - 7. What is h(y)?
2
Suppose 39 = p + 37. Let g(b) = -p - 20*b + 33*b - 14*b. Determine g(0).
-2
Let v(j) = 10*j**2 - 7*j + 6. Suppose 2*x + 2 = 0, -2 = -2*h - 11*x + 9*x. Give v(h).
32
Let z = -2291 + 2284. Let q(h) = h**3 + 5*h**2 - 14*h - 5. Determine q(z).
-5
Let m(d) = -112*d**2 + 20*d - 23. Let s(t) = -61*t**2 + 10*t - 13. Let p(h) = 6*m(h) - 11*s(h). Give p(8).
21
Let j(v) = 3*v**2 - 609*v - 1223. Let l be j(-2). Let t(m) = 2*m**3 - 13*m**2 - 2*m - 28. Give t(l).
7
Suppose -5*z - 2*q + 438 = 22, 5*z - 4*q = 428. Let x(a) = 6*a + 170 - 89 - z. Let r be x(-1). Let p(f) = -f**3 - 10*f**2 - 8*f + 4. What is p(r)?
-5
Let f(n) = -2*n**2 - 9*n + 10. Suppose 0*k + 2*k + 25 = 5*a, 3*k + 3*a = 36. Calculate f(k).
-85
Let u = 1643 + -1638. Let h(m) be the second derivative of 2*m - 5*m**2 + 1/6*m**3 + 0. What is h(u)?
-5
Let r(d) be the third derivative of d**4/24 - d**3/3 - 432*d**2. Give r(2).
0
Let u(a) = 8*a**2 + 48*a - 13. Suppose 5544*w - 5464*w = -480. Calculate u(w).
-13
Let i = 1491 + -1499. Let a(s) = -s**3 - 9*s**2 - 4*s - 4. Calculate a(i).
-36
Let u be 12/(-96)*-2*20. Let b(g) = -2*g**3 + 9*g**2 - 8*g - 7. Give b(u).
-72
Let w(d) be the first derivative of -12*d**2 - 256*d + 1952. Give w(-11).
8
Let b(p) be the second derivative of p**3/6 + 5*p**2/2 + p. Suppose -7*z = -40*z - 231. Let s be b(z). Let g(i) = 2*i**2 + 2*i - 1. What is g(s)?
3
Let d(v) = -4345*v**2 + 6*v + 6*v**3 - 5 - 3*v**3 + 4329*v**2 - 4 + 3. Give d(5).
-1
Let m = 62 + -56. Let n(u) be the first derivative of 1/3*u**3 - 5/2*u**2 - 6*u - 13. Calculate n(m).
0
Let a(w) = -14*w**2 - 32*w - 38. Let n(g) = -5*g**2 - 11*g - 13. Let b(f) = -4*a(f) + 11*n(f). Let o = -542 + 185. Let u = -363 - o. Calculate b(u).
3
Let r(m) = m**3 - 7*m**2 + 4*m + 2. Let u(k) = -123*k + 4802. Let g be u(39). Determine r(g).
-28
Let g(v) = 3*v**2 + 8*v. Let l(j) = -2*j**3 + 23*j**2 + 63*j + 3. Let y(h) = -8*g(h) + l(h). Give y(-2).
17
Suppose -50*c + 51*c = f - 28, 9*f = -3*c + 288. Let u(a) = -a**2 + 30*a + 2. What is u(f)?
-29
Let x(c) be the first derivative of -c**2 - 25 + c**3 + 3*c - 1/4*c**4. Give x(2).
3
Let c(v) = v**2 + v + 3. Let r(l) = 2*l**2 + 4. Let m(h) = -4*c(h) + 3*r(h). Suppose 14*y - 13*y + 2*k + 5 = 0, -4*k + 2 = -2*y. Calculate m(y).
30
Let u(q) = 13*q - 15. Let a(f) = 24*f - 31. Let v be ((-4)/10)/(2/30). Let y(o) = v*a(o) + 11*u(o). Let t(s) = 8*s**2 + 1. Let z be t(-1). Give y(z).
12
Let o(w) = 45*w - 127. Let a be o(3). Let f(s) = 4*s. Give f(a).
32
Suppose -6*y - 52*y = 650 + 46. Let l(k) = -k**2 - 8*k + 4. What is l(y)?
-44
Let j(w) = -17*w**3 + 10*w**2 + 111*w - 145. Let m(u) = -4*u**3 + 3*u**2 + 28*u - 33. Let k(x) = -2*j(x) + 9*m(x). Determine k(6).
-7
Let i(f) be the first derivative of -f**4/4 + 4*f**3 - 3*f**2/2 + 35*f - 2758. Calculate i(12).
-1
Let g = 9 + -6. Suppose 13*x - 58*x + 135 = 0. Let u(p) = -1355*p**2 + x*p + 4 + 1353*p**2 - 1. Determine u(g).
-6
Let y(s) = -7*s + 28. Suppose -8*h + 9*h = 7. What is y(h)?
-21
Let z(o) = o**3 - 12*o**2 - 13*o + 6. Let h = -112 + 125. Calculate z(h).
6
Let a(d) = d + 27. Let k(h) = -128. Let p(v) = -5*a(v) - k(v). Determine p(-15).
68
Suppose 25*t - 1896 = 9504. Let x = -451 + t. Let f(j) = -j**2 + 4*j - 5. Determine f(x).
-10
Let x(s) = 2*s**3 + 6*s**2 - 4*s - 16. Let j = -16681 - -16677. What is x(j)?
-32
Suppose 73*f = 28*f + 90. Let h(j) be the first derivative of -j**f + 27 - j + 7/3*j**3. Calculate h(-1).
8
Let m = 123 + -115. Let n(d) = -8*d**2 - 7*d**2 + 14*d**2 + m - 4*d. What is n(-6)?
-4
Let b(w) = -6*w + 4. Suppose -1134*s + 26 = -1147*s. What is b(s)?
16
Let x(r) = 2*r**2 - 5*r. Let o = -188 + 206. Let p be 1/2 - (-81)/o. What is x(p)?
25
Let o be -7 + -3 - (4 + -11). Let l(x) = -3*x - 11. Calculate l(o).
-2
Let s(p) = 7*p - 48. Su